01012?
200100101
In base 7, what is -31662406 - 34?
-31662443
In base 9, what is -443764284 + 0?
-443764284
In base 6, what is -12353 + -3200421?
-3213214
In base 6, what is -5 + -504301521?
-504301530
In base 7, what is -14645 + 11234?
-3411
In base 7, what is -204 + -1055510?
-1056014
In base 14, what is 374403 - 2?
374401
In base 4, what is -10100 - -320122132?
320112032
In base 9, what is 450600 - -46?
450646
In base 14, what is 1 - -8593c91?
8593c92
In base 3, what is -11 - 200201010000201?
-200201010000212
In base 2, what is 11101000001010110001 + -100100001?
11101000000110010000
In base 10, what is 3536037 - 12?
3536025
In base 6, what is -130011113202 + -1?
-130011113203
In base 9, what is -16553 + 1552?
-15001
In base 2, what is 110 + 11011001110111010100101?
11011001110111010101011
In base 14, what is -5 + -5d6171?
-5d6176
In base 15, what is 15e0 - 279b?
-11ab
In base 14, what is -11803b10 + 6?
-11803b08
In base 9, what is -201 + 266454?
266253
In base 4, what is 33113100 + -33022?
33020012
In base 7, what is -60005 - -62?
-56613
In base 11, what is -a87 + 8723?
7747
In base 16, what is a090def + -4?
a090deb
In base 3, what is -10 + 20202102011120?
20202102011110
In base 8, what is 103173667 + 2?
103173671
In base 4, what is 1102 - -3000203?
3001311
In base 14, what is b85510 - 0?
b85510
In base 13, what is 3340 - -1220?
4560
In base 13, what is -16c - -b7a9?
b63a
In base 15, what is 0 + 93c3c27?
93c3c27
In base 10, what is 21664111 + 5?
21664116
In base 4, what is 2113 + 110131231?
110200010
In base 12, what is -4076 - -5186?
1110
In base 5, what is -2 - 11310344000?
-11310344002
In base 5, what is -3 - -4440112142?
4440112134
In base 10, what is -5 - 89627615?
-89627620
In base 6, what is 2 + 154541422?
154541424
In base 16, what is 0 - -2a854e?
2a854e
In base 15, what is cb3644 + 4?
cb3648
In base 7, what is 140266102 - 3?
140266066
In base 7, what is 2 - 1246421502?
-1246421500
In base 2, what is -1111011101010010101000 - 11?
-1111011101010010101011
In base 16, what is 26 + 1bcb6?
1bcdc
In base 5, what is 14002 + 22104?
41111
In base 2, what is 0 + -11100000000111100010010?
-11100000000111100010010
In base 7, what is 1633 - 13335636?
-13334003
In base 7, what is -15142332 - -12?
-15142320
In base 2, what is 10110001010001010000 + 1001100?
10110001010010011100
In base 4, what is -111311300303 - 10312?
-111311311221
In base 10, what is 1221 + -12971?
-11750
In base 2, what is -10110110101 + 101001111101111?
100111000111010
In base 4, what is -11 - -130221012001?
130221011330
In base 14, what is 15dd7 + -2938?
1349d
In base 6, what is -210443 - 5042?
-215525
In base 14, what is -5d87 - 1c5?
-616c
In base 16, what is -107fe21 - -4?
-107fe1d
In base 15, what is -7b1 + 68b51?
68390
In base 15, what is 5 - -b08b09?
b08b0e
In base 2, what is 1000010010000111111111100001 - 101?
1000010010000111111111011100
In base 6, what is -124341 - 10302?
-135043
In base 14, what is 0 + 7042845?
7042845
In base 8, what is 62001 - -6677?
70700
In base 12, what is -12 - 5b57a8?
-5b57ba
In base 6, what is 13420432 - 2?
13420430
In base 16, what is -27e6 + 929?
-1ebd
In base 11, what is 2375 + 110a4?
13469
In base 7, what is -11 - 55340153?
-55340164
In base 3, what is 11121120000210200 - -20?
11121120000210220
In base 8, what is 4 + -216664352?
-216664346
In base 7, what is -53 + 616165?
616112
In base 14, what is -1a5cad + -15?
-1a5cc4
In base 15, what is -187104 - -15?
-1870de
In base 9, what is 24780 - -37111?
63001
In base 5, what is -233311224001 - 4?
-233311224010
In base 6, what is -52553335 + 3?
-52553332
In base 15, what is -1cd - 5951d?
-596eb
In base 15, what is 1b - 41d29?
-41d0d
In base 14, what is 3715 + 54d?
3c64
In base 2, what is 11000110100011101 - -11010111100011?
11100001100000000
In base 5, what is 4223014 - 24?
4222440
In base 8, what is -153 - -1057632?
1057457
In base 13, what is 31 + -40b649?
-40b618
In base 9, what is -3 - 11544527?
-11544531
In base 9, what is -23428 + 26370?
2841
In base 9, what is 4 - 336521?
-336516
In base 14, what is 3 + b71797?
b7179a
In base 9, what is 314102 + -1440?
312552
In base 8, what is -63600431 - -2?
-63600427
In base 8, what is 1314 + 4770?
6304
In base 12, what is -a5b7bb5 - -5?
-a5b7bb0
In base 8, what is 102240667 + 6?
102240675
In base 10, what is 1 - 62927128?
-62927127
In base 16, what is 4eca + 1d68?
6c32
In base 6, what is -110224052133 + -5?
-110224052142
In base 9, what is 338461 + -51?
338410
In base 2, what is -1001010100010 - 10001000000101000?
-10010001011001010
In base 16, what is 2 - -1a7db99?
1a7db9b
In base 14, what is 28b8 + -4d05?
-242b
In base 4, what is -223 - -3012010?
3011121
In base 8, what is 2651225 - 7?
2651216
In base 10, what is 3383051 + 34?
3383085
In base 6, what is -1111 + 104015502?
104014351
In base 5, what is -1034133442 + 142?
-1034133300
In base 15, what is -3 + -1b256d9?
-1b256dc
In base 15, what is 6 - 4855393?
-485538c
In base 2, what is 1000000010110111110010110010 + 1000?
1000000010110111110010111010
In base 2, what is -101101000 + -1011001101110011?
-1011010011011011
In base 3, what is 120201202202222 - -1122?
120201202211121
In base 16, what is -253 - 54c6c?
-54ebf
In base 13, what is 235c619 - 0?
235c619
In base 12, what is -84a098b + 5?
-84a0986
In base 13, what is -a8a565a - 4?
-a8a5661
In base 12, what is -721b228 + 5?
-721b223
In base 16, what is 537 - 6e19d?
-6dc66
In base 12, what is 507 + -13509?
-13002
In base 9, what is 235468 - 265?
235203
In base 13, what is -6a1960 + -7?
-6a1967
In base 6, what is -50 + 242013220?
242013130
In base 6, what is -215404 - -21341?
-154023
In base 2, what is -10011010110011001 + -111111111?
-10011011110011000
In base 9, what is 10824 + -258?
10555
In base 4, what is -113200110 - -23333?
-113110111
In base 15, what is -da2083 - 2?
-da2085
In base 7, what is 32221 - 12401?
16520
In base 10, what is -5 - -111707015?
111707010
In base 5, what is 204033214 - -224?
204033443
In base 13, what is 3 - 197c745?
-197c742
In base 12, what is b - 28b92a9?
-28b929a
In base 16, what is -6bc - -734c?
6c90
In base 5, what is -1313311440440 - 10?
-1313311441000
In base 13, what is 2c0b135 + 6?
2c0b13b
In base 5, what is -2301 + -133444130?
-134001431
In base 12, what is -129 - 10aa76?
-10aba3
In base 15, what is 49286 - -87?
4931d
In base 14, what is 0 - 16c497a?
-16c497a
In base 16, what is 37 + -6c88?
-6c51
In base 6, what is -412305 + 13430?
-354435
In base 8, what is -2521264 - 3?
-2521267
In base 7, what is 13032154054 - 5?
13032154046
In base 3, what is -101101212 + 222011?
-100102201
In base 11, what is 39a60 + 397?
3a347
In base 4, what is -30322221210 - 32?
-30322221302
In base 7, what is 1351400 - 3?
1351364
In base 8, what is -2 + -1273046173?
-1273046175
In base 6, what is 21 + 42254242?
42254303
In base 6, what is 2124 - 45202310?
-45200142
In base 10, what is -104094294 + -2?
-104094296
In base 12, what is -67334116 + 2?
-67334114
In base 16, what is -28b6 + 4f3?
-23c3
In base 15, what is -95dc3 + -2a?
-95ded
In base 5, what is -3111 + 3443441?
3440330
In base 16, what is -36e - -29d7?
2669
In base 16, what is -1 - -37b991?
37b990
In base 14, what is -754c - 11a?
-7668
In base 6, what is 145 - 3053355?
-3053210
In base 11, what is -8458115 + 3?
-8458112
In base 5, what is 14414322 - 302?
14414020
In base 14, what is -7c5 + -17563?
-17d48
In base 12, what is -541ba - 127?
-54325
In base 4, what is 3133 - -312011123?
312020322
In base 13, what is 18a07a7 + -c?
18a0798
In base 6, what is 3554220 + 110?
3554330
In base 16, what is 12f19c + 42?
12f1de
In base 11, what is -562a512 - 1?
-562a513
In base 3, what is -120022002 - -100111211?
-12210021
In base 15, what is c7 - -7a98e?
7aa66
In base 5, what is 14 + 313222003?
313222022
In base 7, what is 116 + 225510?
225626
In base 4, what is -103220 + -12210302210?
-12211012030
In base 9, what is -3 + 16151180?
16151176
In base 7, what is -101143161 + -64?
-101143255
In base 13, what is -52401 + -10b5?
-534b6
In base 11, what is 1118a - -2a8?
11487
In base 2, what is -1001 + 10000101001110110?
10000101001101101
In base 7, what is 231630 - -212?
232142
In base 5, what is -44203400 - 13?
-44203413
In base 11, what is -414a - -51356?
48207
In base 11, what is -22278 + -